9872. Determine t(-812).
-416
Let y(k) = -3*k**2 + 137*k + 3377. Calculate y(-21).
-823
Let v(y) = -y**3 - 207*y**2 - 427*y - 3514. Calculate v(-205).
-29
Let b(d) = -419*d + 8251. Give b(21).
-548
Let l(p) = -993*p**3 - 8*p**2 + 4*p + 2. Calculate l(1).
-995
Let p(w) = 3*w + 959. Determine p(-111).
626
Let o(g) = g**3 - 43*g**2 + 421*g - 24. Calculate o(9).
1011
Let s(m) = -m**2 - 263*m + 2266. Calculate s(8).
98
Let n(t) = 38*t**2 - 4727*t + 43508. Calculate n(10).
38
Let n(y) = 162*y**2 - 204*y + 601. Calculate n(5).
3631
Let q(c) = -2633*c - 73590. What is q(-28)?
134
Let i(n) = n**2 + 23*n - 12539. Calculate i(101).
-15
Let t(k) = 11613*k + 92872. Calculate t(-8).
-32
Let w(m) = -3*m**3 - 228*m**2 + 466*m + 644. Give w(-78).
800
Let b(o) = -13*o**2 - 415*o - 210. Calculate b(-9).
2472
Let r(u) = u**2 - 126*u + 3845. What is r(62)?
-123
Let b(z) = 1948*z**2 + 58434*z + 192. Calculate b(-30).
372
Let n(h) = 19*h**3 - 4*h**2 + 203*h + 204. Determine n(-1).
-22
Let t(b) = b**3 + 62*b**2 - 27992*b - 1686730. Give t(-60).
-10
Let f(w) = 30847*w + 215795. Calculate f(-7).
-134
Let k(q) = -83*q + 13068. Determine k(163).
-461
Let o(b) = -27*b**3 - 4381*b**2 - 1136*b - 330. Calculate o(-162).
-6
Let c(y) = -2*y**2 + 202*y + 2163. What is c(-11)?
-301
Let x(q) = -15*q**3 - 151*q**2 - 180*q + 253. Give x(-2).
129
Let z(o) = 108907*o + 1306893. Give z(-12).
9
Let k(r) = -3744*r - 426786. Determine k(-114).
30
Let a(j) = j**3 + 461*j**2 + 703*j + 111788. Calculate a(-460).
8
Let d(a) = 149*a + 930. Give d(9).
2271
Let o(u) = 2*u**2 + 218*u + 667. Give o(-116).
2291
Let s(c) = 175*c**3 + 5*c**2 + 515*c - 1041. Determine s(2).
1409
Let c(x) = -2108*x + 28642. Determine c(15).
-2978
Let t(g) = -g**3 + 27*g**2 + 13*g - 290. Determine t(31).
-3731
Let v(b) = b**3 + 8*b**2 - 1099*b - 6653. Determine v(-6).
13
Let q(i) = 10*i**3 + 140*i**2 - 294*i - 4304. What is q(-14)?
-188
Let b(h) = -2*h**3 - 80*h**2 + 7*h + 428. What is b(-40)?
148
Let q(l) = 25439*l - 50939. Give q(2).
-61
Let l(a) = -a**3 - 52*a**2 + 1106*a + 1235. Calculate l(-68).
11
Let r(h) = 24104*h - 72511. What is r(3)?
-199
Let z(f) = 136*f - 28291. Give z(208).
-3
Let k(b) = 2*b**2 - 470*b + 20318. Determine k(57).
26
Let l(j) = 1223*j + 102813. What is l(-84)?
81
Let l(p) = -112*p**2 - 10240*p + 5852. What is l(-92)?
-36
Let z(p) = -3*p**2 - 2186*p - 301745. Give z(-185).
-10
Let t(j) = 2237*j + 1015697. Give t(-454).
99
Let u(x) = -10*x**2 + 2596*x - 10162. What is u(4)?
62
Let i(g) = -181*g**2 + 2701*g - 21. Calculate i(15).
-231
Let s(h) = 4*h**3 + 186*h**2 - 123*h - 1386. Give s(-47).
-23
Let d(f) = -f**3 + 5433*f**2 + 5433*f - 1. Calculate d(-1).
0
Let m(b) = -136209*b + 7900119. What is m(58)?
-3
Let l(f) = f**3 - 49*f**2 - 643*f + 31501. Calculate l(49).
-6
Let x(q) = 2*q**2 + 355*q - 26456. Give x(-234).
-14
Let z(a) = -10*a**3 - 1972*a**2 + 1589*a + 1014. Calculate z(-198).
24
Let k(u) = -31053*u + 807364. Determine k(26).
-14
Let z(b) = -2*b**3 + 33*b**2 + 22*b - 448. What is z(16)?
160
Let c(z) = z**3 + 225*z**2 + 443*z - 578. Determine c(-223).
91
Let s(g) = -4748*g - 1804239. Calculate s(-380).
1
Let m(y) = 87*y**3 + 9*y**2 - 89*y + 89. Calculate m(1).
96
Let t(r) = 25035*r + 500679. Determine t(-20).
-21
Let b(f) = -34847*f - 278885. Calculate b(-8).
-109
Let z(g) = g**3 + 76*g**2 - 5611*g - 144. Determine z(46).
-98
Let w(l) = -14*l**2 - 2303*l + 2314. Give w(1).
-3
Let v(n) = -31595*n + 190171. Calculate v(6).
601
Let z(j) = -3*j**3 - 62*j**2 - 121*j + 452. What is z(-18)?
38
Let s(k) = 51*k**2 + 7*k - 66. What is s(-3)?
372
Let k(d) = -2*d**3 - 188*d**2 - 117*d - 637. Calculate k(-93).
-7054
Let q(a) = -29*a**2 + 164*a + 743. Give q(-3).
-10
Let d(n) = 59*n + 1239. Determine d(-22).
-59
Let r(y) = -41*y**2 + 121*y - 365. Give r(5).
-785
Let b(f) = 28508*f + 142535. Calculate b(-5).
-5
Let m(f) = 159938*f - 3358692. Give m(21).
6
Let q(o) = 7*o**2 + 581*o - 7286. Calculate q(11).
-48
Let v(w) = 5*w**2 + 364*w + 5366. Determine v(-53).
119
Let w(s) = -6*s**2 - 1173*s - 20021. What is w(-18)?
-851
Let n(u) = 71*u**2 - 12784*u + 13404. Give n(179).
-21
Let n(r) = -38*r**2 - 5395*r + 121. Calculate n(-142).
-21
Let n(p) = -2*p**3 - 154*p**2 + 143*p - 259. Give n(-78).
755
Let l(r) = 102*r - 9979. What is l(100)?
221
Let w(g) = -2*g**2 - 55082*g - 715716. What is w(-13)?
12
Let r(h) = 139*h**2 - 337*h - 262. Give r(3).
-22
Let i(k) = -144*k**2 + 1486*k + 5973. Give i(-4).
-2275
Let r(o) = -o**2 - 82*o - 1627. Give r(-20).
-387
Let q(g) = -g**2 - 5205*g - 605212. Determine q(-119).
22
Let g(y) = 3367*y + 90887. What is g(-27)?
-22
Let c(k) = k**3 + 552*k**2 + 560*k + 4969. What is c(-551)?
10
Let p(j) = 3709*j**2 + 649074*j - 177. Give p(-175).
-2
Let j(g) = 13*g**3 + 88*g**2 + 96*g - 96. What is j(-5)?
-1
Let z(h) = -174*h + 81256. What is z(467)?
-2
Let n(x) = 35*x + 9756. Calculate n(-276).
96
Let q(v) = -2*v**3 - 31*v**2 + 45*v + 894. Determine q(-15).
-6
Let p(s) = 581*s - 4580. Calculate p(7).
-513
Let a(j) = j**3 - 71*j**2 + 423*j + 162. Determine a(7).
-13
Let y(f) = 3*f**3 + 449*f**2 + 13778*f + 770. What is y(-43)?
-4
Let d(y) = -y**3 - 85*y**2 - 942*y - 278. What is d(-72)?
154
Let r(w) = 71298*w + 14758695. Give r(-207).
9
Let c(y) = -2*y**3 + 5*y**2 + 1423*y + 193. Calculate c(28).
53
Let c(r) = -r**2 - 3307*r + 93320. Calculate c(28).
-60
Let g(o) = -o**3 - 13*o**2 + 119*o - 415. Give g(-16).
-1551
Let t(g) = -2*g**3 + 5*g**2 + 25*g + 186. Determine t(-5).
436
Let n(d) = 6*d**2 - 2425*d - 9264. What is n(408)?
120
Let w(a) = -17963256*a - 107779534. Give w(-6).
2
Let m(d) = -2*d**2 - 175*d - 3325. Determine m(-52).
367
Let b(y) = 3252*y - 406102. Determine b(125).
398
Let t(g) = 19*g**3 - 51*g**2 + 83*g + 963. Determine t(5).
2478
Let l(d) = -10997*d - 179347. Calculate l(-16).
-3395
Let z(y) = -537*y + 75176. Give z(139).
533
Let p(j) = -43*j**3 + 2931*j**2 - 475*j - 73. Calculate p(68).
-5
Let t(k) = 1341*k + 233421. Give t(-174).
87
Let i(n) = -n**2 - 2597353*n - 2597353. Calculate i(-1).
-1
Let r(k) = -41*k**2 + 20266*k - 5937. Give r(494).
-9
Let p(a) = -a**2 + 32812*a + 459459. Determine p(-14).
-105
Let b(f) = -64*f**2 - 568*f - 1146. Determine b(-2).
-266
Let w(t) = 29*t**3 - 3*t**2 + 8*t - 12. Calculate w(2).
224
Let f(v) = v**3 - 14*v**2 - 69*v - 6. Calculate f(17).
-312
Let g(j) = j**3 - 239*j**2 - 3536*j - 1509. Determine g(253).
9
Let j(i) = 13722*i + 67802. What is j(-5)?
-808
Let b(a) = a**3 - 16*a**2 + 900*a - 8525. Determine b(10).
-125
Let b(h) = 7*h**3 + 1121*h**2 - 1006*h - 6447. Calculate b(-161).
-7
Let m(w) = -90*w**2 + 14188*w + 5106. Calculate m(158).
50
Let z(u) = -22*u - 1454. Calculate z(-24).
-926
Let d(b) = -129*b**3 + 2*b**2 + 17*b - 97. Determine d(3).
-3511
Let g(s) = -55032*s + 330269. What is g(6)?
77
Let q(s) = -4*s**2 + 155*s - 2567. What is q(34)?
-1921
Let x(a) = -174*a - 753. Determine x(-5).
117
Let u(h) = 7*h + 593. What is u(-25)?
418
Let v(x) = -4*x**3 + 195*x**2 + 677*x + 119. Calculate v(52).
171
Let d(k) = -12035*k - 2383034. Determine d(-198).
-104
Let n(i) = i**3 + 137*i**2 - 7908*i - 2459. Give n(44).
5
Let b(t) = -3013*t + 671896. Determine b(223).
-3
Let t(b) = -561*b + 371377. Determine t(662).
-5
Let u(c) = 5*c**3 + 1065*c**2 + 3*c + 591. Calculate u(-213).
-48
Let s(h) = 11*h**2 - 10199*h - 103086. What is s(-10)?
4
Let u(b) = 15*b**2 + 16*b - 253. Calculate u(9).
1106
Let g(v) = -v**3 + 4057*v - 4058. What is g(1)?
-2
Let p(b) = -445*b - 31427. Determine p(-70).
-277
Let l(i) = 16*i**2 - 245*i - 1078. What is l(19)?
43
Let q(p) = -1518*p + 727102. Determine q(479).
-20
Let s(a) = -5*a**3 + 3*a**2 - 71*a - 365. What is s(-4)?
287
Let d(g) = 3*g**3 + 6*g**2 + 20*g + 6. Calculate d(3).
201
Let n(a) = -1672*a - 25323. Give n(-18).
4773
Let y(p) = -14408*p + 259426. Determine y(18).
82
Let p(k) = -k**3 + 38*k**2 - 289*k + 47. Calculate p(13).
515
Let z(h) = 10218*h + 10565410. What is z(-1034)?
-2
Let a(y) = -62*y**2 - 3368*y + 5763. Calculate a(-56).
-61
Let n(a) = -184*a - 2879. Determine n(-19).
617
Let d(a) = -a**2 - 285*a - 13510. What is d(-60)?
-10
Let p(i) = -i**3 + 309*i**2 + 26083*i - 364. Give p(378).
14
Let p(q) = q**3 + 20*q**2 - 34*q + 128. Calculate p(-23).
-677
Let x(y) = -y**3 - 91*y**2 - 342*y -